er when 9125 is divided by 49.
11
What is the remainder when 20804 is divided by 10389?
26
What is the remainder when 1666 is divided by 324?
46
What is the remainder when 4672 is divided by 312?
304
Calculate the remainder when 50251 is divided by 36.
31
Calculate the remainder when 4208 is divided by 15.
8
What is the remainder when 2632 is divided by 1129?
374
What is the remainder when 3314 is divided by 9?
2
What is the remainder when 172504 is divided by 5947?
41
Calculate the remainder when 4908328 is divided by 441.
439
Calculate the remainder when 38666 is divided by 12884.
14
Calculate the remainder when 5272 is divided by 597.
496
What is the remainder when 6048 is divided by 860?
28
Calculate the remainder when 22405 is divided by 166.
161
Calculate the remainder when 10141 is divided by 19.
14
What is the remainder when 210568 is divided by 29?
28
What is the remainder when 217675 is divided by 11?
7
What is the remainder when 88632 is divided by 327?
15
What is the remainder when 49443 is divided by 28?
23
What is the remainder when 224900 is divided by 12?
8
What is the remainder when 3041 is divided by 217?
3
What is the remainder when 107080 is divided by 27?
25
What is the remainder when 79015 is divided by 166?
165
Calculate the remainder when 37728 is divided by 490.
488
Calculate the remainder when 21665 is divided by 46.
45
Calculate the remainder when 27508 is divided by 473.
74
What is the remainder when 10642 is divided by 3539?
25
Calculate the remainder when 7978 is divided by 2679.
2620
Calculate the remainder when 1112 is divided by 223.
220
What is the remainder when 1892 is divided by 218?
148
Calculate the remainder when 29221 is divided by 910.
101
What is the remainder when 57711 is divided by 51?
30
Calculate the remainder when 236 is divided by 52.
28
Calculate the remainder when 4291 is divided by 30.
1
Calculate the remainder when 6787 is divided by 89.
23
Calculate the remainder when 90745 is divided by 30245.
10
What is the remainder when 36492 is divided by 89?
2
What is the remainder when 1532380 is divided by 762?
760
What is the remainder when 80602 is divided by 26858?
28
Calculate the remainder when 39610 is divided by 19803.
4
Calculate the remainder when 3424 is divided by 2169.
1255
Calculate the remainder when 25161 is divided by 12.
9
What is the remainder when 80199 is divided by 16034?
29
Calculate the remainder when 7183 is divided by 86.
45
What is the remainder when 1721 is divided by 448?
377
What is the remainder when 10224 is divided by 1016?
64
What is the remainder when 3291 is divided by 676?
587
Calculate the remainder when 2949 is divided by 217.
128
What is the remainder when 34696 is divided by 667?
12
Calculate the remainder when 603344 is divided by 507.
14
Calculate the remainder when 901 is divided by 124.
33
What is the remainder when 469171 is divided by 994?
3
Calculate the remainder when 14398 is divided by 98.
90
Calculate the remainder when 5633 is divided by 5616.
17
What is the remainder when 3665 is divided by 115?
100
What is the remainder when 53504 is divided by 87?
86
What is the remainder when 89251 is divided by 676?
19
What is the remainder when 32357 is divided by 18?
11
What is the remainder when 5465 is divided by 242?
141
What is the remainder when 127044 is divided by 21?
15
What is the remainder when 7654 is divided by 1530?
4
Calculate the remainder when 1093 is divided by 159.
139
What is the remainder when 8770 is divided by 204?
202
Calculate the remainder when 6401 is divided by 1066.
5
Calculate the remainder when 1396 is divided by 354.
334
What is the remainder when 27253 is divided by 1241?
1192
Calculate the remainder when 776292 is divided by 97034.
20
Calculate the remainder when 78376 is divided by 4354.
4
What is the remainder when 24685 is divided by 44?
1
Calculate the remainder when 98563 is divided by 319.
311
What is the remainder when 27357 is divided by 2?
1
What is the remainder when 2539 is divided by 777?
208
Calculate the remainder when 14998 is divided by 940.
898
Calculate the remainder when 253 is divided by 63.
1
What is the remainder when 3452 is divided by 18?
14
What is the remainder when 16952 is divided by 5572?
236
Calculate the remainder when 1017 is divided by 32.
25
What is the remainder when 80953 is divided by 11563?
12
Calculate the remainder when 4768 is divided by 1508.
244
Calculate the remainder when 1953 is divided by 523.
384
Calculate the remainder when 38125 is divided by 158.
47
Calculate the remainder when 1620 is divided by 181.
172
What is the remainder when 19781198 is divided by 200?
198
Calculate the remainder when 9041 is divided by 782.
439
Calculate the remainder when 1130 is divided by 1129.
1
Calculate the remainder when 84397 is divided by 733.
102
Calculate the remainder when 16708 is divided by 94.
70
Calculate the remainder when 4962 is divided by 156.
126
Calculate the remainder when 1759894 is divided by 66.
4
What is the remainder when 538630 is divided by 19?
18
Calculate the remainder when 15284 is divided by 22.
16
Calculate the remainder when 9910 is divided by 472.
470
Calculate the remainder when 66178 is divided by 6015.
13
What is the remainder when 15509 is divided by 7273?
963
Calculate the remainder when 965249 is divided by 888.
881
What is the remainder when 387 is divided by 262?
125
Calculate the remainder when 16490 is divided by 1174.
54
Calculate the remainder when 16801 is divided by 145.
126
What is the remainder when 1833 is divided by 1?
0
Calculate the remainder when 58336 is divided by 590.
516
Calculate the remainder when 143001 is divided by 39.
27
What is the remainder when 65453 is divided by 16?
13
What is the remainder when 6360 is divided by 112?
88
What is the remainder when 229677 is divided by 87?
84
Calculate the remainder when 42227 is divided by 1110.
47
What is the remainder when 161458 is divided by 241?
229
Calculate the remainder when 2880 is divided by 881.
237
Calculate the remainder when 5332 is divided by 755.
47
What is the remainder when 13649 is divided by 25?
24
What is the remainder when 634 is divided by 40?
34
What is the remainder when 329842 is divided by 121?
117
What is the remainder when 30238 is divided by 76?
66
Calculate the remainder when 312252 is divided by 68.
64
Calculate the remainder when 260941 is divided by 63.
58
Calculate the remainder when 882961 is divided by 71.
5
Calculate the remainder when 1717806 is divided by 559.
558
What is the remainder when 42348 is divided by 234?
228
Calculate the remainder when 4078 is divided by 1108.
754
What is the remainder when 113 is divided by 41?
31
Calculate the remainder when 17578 is divided by 1263.
1159
Calculate the remainder when 706858 is divided by 561.
559
Calculate the remainder when 2494 is divided by 1600.
894
Calculate the remainder when 200 is divided by 41.
36
Calculate the remainder when 106630 is divided by 92.
2
Calculate the remainder when 8775 is divided by 8384.
391
What is the remainder when 652739 is divided by 129?
128
What is the remainder when 279028 is divided by 55798?
38
Calculate the remainder when 140151 is divided by 438.
429
What is the remainder when 2783 is divided by 1367?
49
What is the remainder when 1734862 is divided by 581?
577
Calculate the remainder when 7451 is divided by 3509.
433
What is the remainder when 3896 is divided by 1290?
26
Calculate the remainder when 269565 is divided by 1025.
1015
Calculate the remainder when 70199 is divided by 14018.
109
Calculate the remainder when 44743 is divided by 57.
55
What is the remainder when 94425 is divided by 62?
61
What is the remainder when 19478 is divided by 628?
10
What is the remainder when 1610 is divided by 7?
0
Calculate the remainder when 24913 is divided by 131.
23
What is the remainder when 5584612 is divided by 173?
172
Calculate the remainder when 24948 is divided by 34.
26
What is the remainder when 14303 is divided by 2860?
3
What is the remainder when 6144 is divided by 39?
21
Calculate the remainder when 79385 is divided by 43.
7
What is the remainder when 150988 is divided by 314?
268
What is the remainder when 277947 is divided by 10?
7
Calculate the remainder wh